5*v + m = 12, -v - 12 = -0*v + 5*m. Suppose 5*l = v*k + 10, 2*l - l = 2. Suppose k = 4*u + 4 + 16. Let w(c) = c**2 + 5*c - 4. Give w(u).
-4
Let l(u) = -5*u**2 + 0*u + 0*u + u - 1 + 4*u**2. What is l(2)?
-3
Let a(g) = 2*g**2 + 5*g + 4. Let z(u) = u**3 + 4*u**2 + 4*u + 2. Let p be z(-2). Let m = p + -5. Determine a(m).
7
Let t(r) be the second derivative of r**5/20 + r**4/2 + r**3/2 - 7*r**2/2 + 5*r - 2. Calculate t(-5).
3
Let n(q) = -q**2 + q - 1. Let t(i) be the third derivative of -i**5/15 + i**4/4 - i**3/6 + 2*i**2. Let s(d) = -3*n(d) + t(d). Calculate s(4).
-2
Let a(n) be the second derivative of 2*n + 0 - 1/2*n**2 - 1/3*n**3. Calculate a(-4).
7
Let b = -8 + 11. Let v(n) = 4*n - b*n - 11 + 1. Give v(0).
-10
Let j be (12/20)/(4/(-40)). Let f(z) = -z - 1. Determine f(j).
5
Let n(k) = -k**3 - 4*k**2 + k + 2. Let x(v) = 2 + 2*v**2 + v + 3*v**2 - v**3 - 2*v**2. Let g be x(3). Suppose o + 5 = -4*o - g*p, -4*o - 5*p = 1. Give n(o).
-2
Suppose -2*g = -1 - 3. Let k(a) = -4*a**g + 0*a**2 - a**3 + 5*a**3 + 3 - 3*a**3. Calculate k(3).
-6
Let y be (4 - 0)/(3/(-6)). Let c(j) = -j - 5. Let s be c(y). Let t(o) = 0 - s + o + 13. Give t(0).
10
Let n(g) = g + 1. Let w(f) be the first derivative of f**2/2 + 3*f - 3. Let x(k) = 4*n(k) - 2*w(k). What is x(2)?
2
Let v(s) = s - 6. Let x be (-188)/20 + (-6)/10. Let h be 72/15 - 2/x. Calculate v(h).
-1
Let u(d) be the first derivative of -d**2/2 + 7*d + 1. Let c be 19/(-3) + 2/6. Let z be (4/c)/(2/(-15)). Give u(z).
2
Let d(h) = h**3 + 3*h**2 + 3*h - 2. Let f(n) = n**3 + 11*n**2 - 11*n + 12. Let a be f(-12). Suppose a = -4*b - 2 + 22. Let l = b - 8. Determine d(l).
-11
Let h(s) = -s + 9*s - 6*s + 4 + 0*s. Give h(-3).
-2
Let j(v) = -10*v + 28. Let l(f) = 3*f - 9. Let k(d) = 2*j(d) + 7*l(d). What is k(5)?
-2
Let f(w) = 20*w**3 - 2*w + 1. Suppose a - 3*z = -3*a + 10, -13 = -3*a + 5*z. Calculate f(a).
19
Suppose 8*f = 6*f - 6*f. Let r(v) = v**3 - v + 11. What is r(f)?
11
Let l(z) be the second derivative of -z**4/12 - z**3/6 + 3*z**2 - 3*z + 1. Calculate l(0).
6
Let x = -8 + 5. Let o(k) = k + 1. Determine o(x).
-2
Let q = -20 - -81/4. Let w(j) be the second derivative of 0 - 1/6*j**3 - q*j**5 + 1/2*j**2 + j + 1/12*j**4. What is w(1)?
-4
Let b(a) = 2*a - 6. Let d be b(4). Let i(g) be the second derivative of -d*g - 1/6*g**3 + 1/2*g**2 + 0. What is i(0)?
1
Let x(v) = -43*v + 3 - 3 + 35*v + 1. Calculate x(1).
-7
Let d(z) be the third derivative of z**6/120 - 2*z**5/15 - z**4/2 + 2*z**3 + 36*z**2. Calculate d(9).
-15
Suppose j = -7*j - 8. Let c(s) = -2*s. Give c(j).
2
Let m be 4/(48/(-9))*-4. Suppose 10 = -2*y - 4*l, 5*y + 0*l + 25 = -m*l. Let g(q) = 31 - 3*q**2 - q**3 - 34 - 2*q**2. Determine g(y).
-3
Let m(j) = -j**3 - 9*j**2 - 11*j + 27. Let i be m(-7). Let t(o) be the second derivative of -o**4/12 + 2*o**3/3 + 3*o**2/2 - o. Calculate t(i).
-9
Let q(l) = -2*l - 1 + l**2 - 2*l + 2*l. Determine q(3).
2
Let z be (-5)/15 - 10/(-3). Let d(v) = -v**2. Determine d(z).
-9
Let i(s) be the first derivative of 0*s**3 + 2 - 1/4*s**4 - s - s**2. Determine i(2).
-13
Suppose 3*f = 2*q - 5*q + 18, -q + 3*f = 14. Let l(h) = 6*h - 3. Suppose -3*x = 7 + 2. Let o(n) = -5*n + 2. Let t(y) = x*l(y) - 4*o(y). What is t(q)?
3
Let o(c) be the third derivative of c**6/120 - c**5/15 - c**4/4 - c**3/6 + 8*c**2. Calculate o(5).
-6
Suppose -5*m + 14 = w, 0 = m - w - 28 + 24. Let x(s) = 3 - 2*s - s**2 - 2 + 4*s. What is x(m)?
-2
Let g(s) = -4*s**3 - 3*s**2 - s - 2. Let b(x) = -11*x**3 - 8*x**2 - 2*x - 5. Let w(u) = 3*b(u) - 8*g(u). Calculate w(-2).
5
Let z be (6/9 - 1/6)*6. Let s(a) = a**3 - 2*a**2. Give s(z).
9
Let w(v) = -5*v**2 + 20*v + 15. Let t(c) = -c**2 + 4*c + 3. Let g(u) = 11*t(u) - 2*w(u). What is g(4)?
3
Suppose 0 = 4*v - 31 - 17. Let w = 8 - v. Let r(z) = -4*z - 1 + 3*z - 1. What is r(w)?
2
Let h(i) = -2*i + 4 - i**2 + 2*i. Let u be (-6)/4*(-14)/(-21). Let m be 1 + u*2*-1. What is h(m)?
-5
Suppose -2*h - 7 = -b, -b = 4*h + 2 + 3. Let s(f) = 4*f**2 - f + 1. Let z(v) = 9*v**2 - 3*v + 3. Let j(k) = h*z(k) + 5*s(k). Calculate j(-2).
5
Suppose m = -m + 6. Let b(z) be the first derivative of z**2/2 - 3*z - 11. Give b(m).
0
Let i(x) be the first derivative of -2*x**2 - x - 10. Calculate i(2).
-9
Let m(b) = b**3 + 5*b**2 - 7*b - 7. Suppose -64 = 3*k - 5*l - 21, -20 = 5*k + 2*l. What is m(k)?
-1
Suppose -4*i = z - 6*z - 4, 10 = 3*i - 2*z. Suppose 4*p - p + i = 0. Let s(w) = -w**2 - w - 2. Determine s(p).
-4
Suppose -4*p + p = f + 13, 0 = 3*p - 4*f + 38. Let w(b) = -b**3 - 7*b**2 - 8*b - 4. Calculate w(p).
8
Let j(h) be the first derivative of 3*h**2/2 + 2*h - 5. Calculate j(-2).
-4
Suppose -3*h + 28 = 46. Let c(a) = -a**3 - 5*a**2 + 4*a + 2. Calculate c(h).
14
Let t(y) = -y - 4. Let k(l) = 4*l**2 - l. Suppose -5*g + 4*v - 5 = 2*v, 4*g - 5*v + 21 = 0. Suppose -g - 2 = -3*o. Let a be k(o). Calculate t(a).
-7
Let b(n) = -n**2 + 4*n + 5. Let c be (-5)/3*(-1 - 2). What is b(c)?
0
Let y(f) = -2 + 2 - 4*f + f. Calculate y(2).
-6
Let b(n) be the second derivative of n**5/60 - n**4/6 + n**3/2 + 4*n**2 + 5*n. Let g(l) be the first derivative of b(l). Give g(2).
-1
Suppose 0 = -15*x + 16*x - 2*r + 6, 45 = -4*x + r. Let k(d) = -d**3 - 12*d**2 - 7. What is k(x)?
-7
Let r = -380 - -375. Let i(d) = -5*d + 5*d + 5 - d. What is i(r)?
10
Let l(x) = x - 13. Let s be l(14). Let f(c) be the first derivative of -c**2/2 + c - 1. Let n(o) = 3. Let t(u) = -4*f(u) + n(u). Calculate t(s).
3
Suppose -4*o = -3*y - 4, -2*y - 4*o = -7 - 17. Let m(c) = -5*c**2 - c - 11. Let f(d) = -2*d**2 - d - 5. Let j(s) = -7*f(s) + 3*m(s). Calculate j(y).
2
Let h(q) = -4 + 3 - 5*q**2 - q + 9 - 6*q. Let t(m) = -6*m**2 - 8*m + 8. Let k(f) = 7*h(f) - 6*t(f). What is k(0)?
8
Let m(c) be the first derivative of 14*c**3/3 + c - 17. What is m(-1)?
15
Suppose -4 = 2*x - 3*n + 9, 5*n - 17 = x. Let m(z) = -3*z**3 - z**2 + 3*z + 1. Calculate m(x).
15
Let m(q) = -q**2 - 6*q + 10. Let p be m(-7). Let i(y) = -1 + p*y - y - y. Suppose 5 = o - 0*o. What is i(o)?
4
Let q(v) = -2*v**3 + 0*v**2 - 1 - v + 3 + 3*v**2. Determine q(2).
-4
Let d(a) = -1. Let p(h) = -h + 3. Let b be p(4). Let y(l) = l - 8. Let n(x) = b*y(x) + 4*d(x). Give n(3).
1
Let t(j) = j. Suppose 3*b - 15 = -2*b. Suppose 4 = b*i - 5. Give t(i).
3
Suppose 5*h = 4*z + 5, -h - 4*z = 3*h + 32. Let a(r) = 4*r + 7. Give a(h).
-5
Let y(m) = -21*m**3 - 24*m**3 + 60*m**3 - 21*m**3 - m**2. Let q = 8 + -4. Suppose 4*h + 4 = -q*f, -5*f + 3*h = 3 + 2. Determine y(f).
5
Let g(s) = s**3 - 2*s - 1. Let p be (-9 + -3)*2/(-4). Let u be 6/4*(-8)/p. Give g(u).
-5
Let c(w) be the third derivative of w**4/24 + w**3/2 - 6*w**2. Suppose 0 = -a - 0*a. Calculate c(a).
3
Let c = 15 + -12. Suppose 5 = q + 3. Let x(w) = c*w + 3 - q*w**2 - 2 + 3*w**2. What is x(-2)?
-1
Let k(q) = 5 + 0 - q**2 - 3 - 3*q**2 - 2*q + q**3. Calculate k(4).
-6
Let d(p) = -p**2. Let i(h) = -3*h**2 + h + 1. Let a(q) = -2*d(q) + i(q). Let v(j) = 5*j**2 - 2*j - 9. Let y(z) = 4*a(z) + v(z). Calculate y(-4).
3
Let u(r) be the third derivative of r**6/360 + r**5/30 + r**4/12 - r**3/2 - 3*r**2. Let o(y) be the first derivative of u(y). Determine o(-4).
2
Suppose 5*h + 2*n + 4 - 13 = 0, 2*n = 3*h - 15. Let t(y) = 0*y**h + 0 + 4*y**3 - 1. Let v be 1 - (4 - (2 + 0)). Determine t(v).
-5
Let s = -3 + 2. Let t(i) be the first derivative of -4*i**3/3 - i**2/2 - 6. Give t(s).
-3
Let s be -5 + (2*4/(-8) - -2). Let n(j) be the third derivative of -j**5/60 - 5*j**4/24 + j**3/6 + j**2. Determine n(s).
5
Let v(y) = 3*y**3 + y**2. Suppose -4 + 2 = 2*n. Determine v(n).
-2
Let r(p) = -3 + 2*p**3 - 15*p - 4*p**2 + p**2 + 12*p. Determine r(3).
15
Suppose 5*l + n = 7, 2*n - 12 = 5*l - 28. Let t(c) = 2*c - 3. Calculate t(l).
1
Suppose 0 = -5*c + 14 + 11. Let m(s) = 2*s**3 - 5*s**2 + 5. Let w(v) = -3*v**3 + 9*v**2 - 9. Let i(n) = c*m(n) + 3*w(n). Suppose -o = -4*o - 6. Give i(o).
-2
Let w(d) = -d - 4. Let b be w(0). Let v(y) = -y**2 - y + 2. Determine v(b).
-10
Let z(w) = w**2 - 3*w - 1. Let b be z(5). Let p(a) = -a**2 + 10*a - 8. Let x be p(b). Let n(j) = -6*j**3 - j**2 + j - 1. What is n(x)?
-7
Let c = 6 - 11. Let y(t) = -2*t - 2. What is y(c)?
8
Let i(d) be the first derivative of d**3/3 - 5*d**2/2 - d - 7. Give i(6).
5
Let o(b) = 7*b - 10*b + 0 + 0 + 7. What is o(6)?
-11
Let p(w) = -5*w**2 - 3*w + 4*w**2 + 4 + 6*w. Sup